s the greatest common divisor of c and 198?
18
Let a = 14 + -11. Suppose -4*z + 42 = -a*z. Calculate the greatest common factor of z and 28.
14
Let y be 82 - ((-6)/(-4))/(3/(-12)). Suppose -g + q = -6, 5*q = 3*g - 0*q - 14. What is the greatest common divisor of g and y?
8
Suppose 21*p + 3636 - 11259 = 0. What is the highest common divisor of p and 99?
33
Let l = 7 - -8. Suppose -5*c - 3*n + l = -8*n, 0 = 5*n. Suppose -c = 3*t - 3*d, 0*t + 3*t - 18 = -4*d. What is the greatest common divisor of t and 6?
2
Let f = -726 - -1048. Calculate the highest common divisor of 23 and f.
23
Let k be (-44)/(-18)*-3*6/(-4). Let a(t) = t**3 - 17*t**2 + 22*t - 8. Let d be a(16). What is the highest common divisor of d and k?
11
Suppose 6 = 4*s - 14. Let n(v) = 9*v - 3. Let i be n(s). Suppose 6*c + 86 - 254 = 0. Calculate the greatest common divisor of c and i.
14
Let r be (1 + (-2)/(-10))*320/6. Calculate the greatest common factor of 8 and r.
8
Let a = -71 - -72. Let m(b) = b**2 - b + 2. Let p be m(0). Let v be (-4 - p/(-2)) + 6. What is the greatest common factor of a and v?
1
Suppose 0 = 2*z - 2*y - 3*y - 66, 10 = -5*y. Let q be 14/(-4)*(-2)/1. What is the highest common factor of q and z?
7
Let u(a) = 6*a**2 + 2*a. Let n be u(-4). Let l = 127 - 72. Suppose -2*t = -7*t + l. What is the highest common divisor of t and n?
11
Suppose 0*p + 2*p + 8 = 4*q, -5*p - 3*q + 6 = 0. Let v be ((-8)/(-10) - p)/(50/2125). Calculate the greatest common divisor of 238 and v.
34
Let w be 6/4*(-68)/(-51). Let k be w/(-3) + 236/12. Calculate the greatest common divisor of k and 171.
19
Suppose 5*l + 0*b - 2*b = -6, 3 = -4*l + b. Suppose l*p = 2*p. Let s(c) = -c**2 - c + 6. Let y be s(p). What is the highest common divisor of y and 24?
6
Let j be (-108)/16*24/9. Let w be 64/36 + (-4)/j. Let d be (0 + 0)/w - -80. Calculate the greatest common divisor of 16 and d.
16
Let l = -345 - -429. Calculate the highest common divisor of l and 98.
14
Let l(g) = -g**2 - 4*g. Let h be l(-4). Suppose -2*u + 8*u - 42 = h. What is the highest common divisor of u and 1?
1
Suppose -4*z + 556 = 2*x, -5*x + 844 = -2*x + 4*z. Calculate the greatest common divisor of 18 and x.
18
Let v(f) = -f**2 + 18*f - 75. Let n be v(9). Suppose a + 13 = -3*g - 2*g, -5 = g. What is the highest common divisor of n and a?
6
Let d be -10*(96/640)/((-1)/24). Calculate the greatest common factor of 558 and d.
18
Let r = 9 - 8. Suppose 4*p - r = -5. Let z be (-5)/(-2) - p/2. Calculate the highest common factor of 24 and z.
3
Suppose 10*s - 7 - 73 = 0. Let h = 15 + 1. Calculate the highest common factor of h and s.
8
Suppose -5*w = -u - 935, 3*w - 579 = -4*u + u. Suppose 3*x = -j + 48 + 92, -4*x = j - w. What is the greatest common divisor of 6 and x?
6
Suppose 2*l + 73 = 1133. Suppose 5*r - l = -5. What is the highest common divisor of 42 and r?
21
Let x be ((-225)/(-12))/5 - (-12)/(-16). Let b be (21 - 20) + x/((-6)/(-670)). What is the highest common divisor of 48 and b?
48
Let g be 24/216 + (2 - (-3)/(-27)). What is the highest common factor of 46 and g?
2
Suppose -2175 = -5*a + 5*o, 0*a - o + 2193 = 5*a. What is the greatest common factor of 6 and a?
6
Suppose 28 = 3*a + 4*p, -p = -0*a - a. Suppose -25 = -3*c + t, 6*c - 7*c = -t - 11. Suppose a*v + 66 = c*v. Calculate the highest common factor of v and 66.
22
Let v be (-2)/25*5 + 4804/10. What is the highest common divisor of v and 10?
10
Let k(t) = -6*t - 77. Suppose -2*v = 2*v + 88. Let q be k(v). Calculate the greatest common divisor of q and 33.
11
Suppose -4 = -2*q, 2*q + 142 = 2*n + 54. Calculate the greatest common divisor of 414 and n.
46
Suppose -2*j + 84 + 21 = 3*w, 0 = -5*j + w + 254. Calculate the highest common factor of 289 and j.
17
Suppose 7 + 27 = 2*o. Let r = 28 - o. Calculate the greatest common divisor of 44 and r.
11
Let p = 0 - 2. Let s(c) = c**3 - 18*c**2 + 37*c - 60. Let r be s(16). Let n be (-50)/p - (r + -16). Calculate the greatest common divisor of n and 42.
21
Let l be (-11 - 5) + 9 - -81. What is the highest common factor of l and 2?
2
Let o(c) = -c**3 - c**2 + c + 153. Let a be o(0). Calculate the greatest common factor of 102 and a.
51
Let c(j) = j**2 - 7*j + 14. Let v be c(3). Suppose -134 = -v*b - 0*b - 5*k, 3*k - 210 = -3*b. Calculate the highest common factor of b and 9.
9
Let j be 14 + (18 - 38) + 0 + 23. Calculate the greatest common divisor of 2210 and j.
17
Let s = 198 - 188. What is the highest common factor of 90 and s?
10
Let w(x) = -141*x + 303. Let k be w(2). Let z be -3*(2 - (-20)/(-3)). Let i be 2356/z + (-2)/7. What is the highest common divisor of k and i?
21
Suppose 8*a + y = 5*a + 798, 0 = 5*a - 5*y - 1310. Calculate the greatest common factor of 318 and a.
53
Let d = 162 + -108. Calculate the greatest common divisor of 135 and d.
27
Let s(m) be the second derivative of m**5/20 - 2*m**4/3 + 2*m**3 + 13*m. Let g be s(7). What is the greatest common divisor of 14 and g?
7
Let a = -3 + 1. Let t be (-1*153)/(a/2). Let m(z) = -38*z - 173. Let u be m(-5). Calculate the highest common factor of t and u.
17
Let b(w) = 15*w**2 - w - 1. Let o be b(1). What is the highest common divisor of o and 13?
13
Let i be ((-16)/10)/(36/90). Let o be (i/(-8))/(1/18). What is the greatest common divisor of o and 36?
9
Let u = 13485 - 8964. What is the greatest common divisor of u and 137?
137
Let r be (-3 + -54)/(30/(-20)). What is the greatest common divisor of r and 57?
19
Suppose 0 = -5*v + 4*u + 194, 2*v - 68 = 6*u - 2*u. Let n = 822 - 780. What is the highest common factor of n and v?
42
Let k = 184 + -158. Calculate the highest common factor of 39 and k.
13
Suppose -5*h = 5*q - 606 + 86, -336 = -3*h + 5*q. Suppose -w = -37 - h. Calculate the highest common factor of 36 and w.
36
Let j(a) = a**3 + 5*a**2 - 4. Let v be j(-5). Let k be (-260)/39*6/v. Calculate the highest common factor of 5 and k.
5
Let h = -66 + 37. Let d = h + 41. Suppose c + 4*c - 30 = 0. Calculate the highest common factor of d and c.
6
Let t = 199 + -181. Calculate the greatest common factor of t and 27.
9
Suppose -3*m = -2*t - 154, -3*m - 2*t + 262 = 2*m. Suppose 4*c - 8*c = -m. Let i be 1 + (3/2)/((-3)/(-206)). Calculate the highest common divisor of c and i.
13
Suppose 4*v = 4*u - 208, -3*u + 6*v - 4*v = -152. What is the greatest common factor of u and 36?
12
Let y be 4/(-4)*(-2 + -11). Let b(p) = -13 + 35 + 3 - p. Let i be b(y). Calculate the highest common divisor of i and 12.
12
Let y(u) = 5*u + 59. Let m be y(5). What is the greatest common divisor of m and 210?
42
Let d(l) = 2*l**2 - 3*l - 2. Let n be d(2). Suppose m + 3*q - 22 = n, 2*m + 5 - 14 = q. Suppose z - 49 = -0*z. Calculate the highest common divisor of m and z.
7
Suppose -256 - 534 = -5*f. Let a = f - 78. Calculate the greatest common divisor of a and 5.
5
Let d be 7569/21 + (-8)/(-14). Calculate the greatest common factor of d and 38.
19
Let f(v) = 19*v - 13. Let w be 3/(-2 + 52/20). Let l be f(w). What is the greatest common divisor of 123 and l?
41
Suppose 4*m + 24 = 5*j - 2, 0 = 3*j + 3*m + 6. Let g(r) = -514*r + 2058. Let p be g(4). Calculate the greatest common factor of p and j.
2
Let a be ((-6)/15)/((-1)/10). Let k be a/18 - (-1438)/9. Suppose 4*p - 129 + 53 = 2*j, -3*j + 46 = 2*p. What is the highest common divisor of k and p?
20
Let r(f) = f**3 - 6*f**2 - 3*f - 4. Let j be r(7). Let v be 9/3 + -8 + -8. Let l = v + j. What is the greatest common factor of 55 and l?
11
Suppose 32*d = 205 + 1523. Calculate the greatest common factor of 270 and d.
54
Let s = 193 + -182. What is the highest common factor of s and 385?
11
Let d = -123 - -148. Calculate the highest common factor of 5 and d.
5
Suppose 64 = -0*x - 4*x + 5*f, 5*x - 3*f + 80 = 0. Let j = -11 - x. Suppose -3*o + 150 = 12*o. Calculate the greatest common factor of j and o.
5
Let i = -538 + 557. Calculate the greatest common factor of i and 475.
19
Let n be (12/40*-8)/((-2)/20). Calculate the highest common factor of n and 3.
3
Suppose 0 = -0*q + 11*q - 880. Calculate the highest common factor of 50 and q.
10
Let p = 695 + -602. Calculate the highest common divisor of p and 403.
31
Let d be 4/(-14) - (-5 - (-7413)/(-49)). What is the greatest common divisor of 52 and d?
52
Let i be ((-3)/(-3))/((-3)/(-90)). Let s(l) = -l**3 - 3